960)/37328) - 4 prime?
False
Let z be 7*(-156)/14*1. Let o = z + 525. Is o a prime number?
False
Suppose 128*j - 2935611 = -25*j. Is j a prime number?
False
Let j = -88 - -92. Suppose -r - 2 = u, -u - j*u = -r - 20. Is 2/2 - -10*(150 + u) composite?
False
Is 4 + 4763464/56 + 3/21 a composite number?
True
Suppose 496 = 4*h - 4*v, 2*h - h = 2*v + 120. Suppose 2577 + h = 3*f + 5*o, -f - 5*o + 915 = 0. Suppose 2*j - q - 2380 = f, -4*j + 6551 = -3*q. Is j prime?
True
Suppose -5*h + 22451 = -3*g, 5*g = 3*h - 5720 - 7757. Let i = h - 2712. Is i prime?
True
Let f(t) = 4667*t**2 - 5*t - 1. Let x be f(-3). Let k = 68148 - x. Is k a prime number?
False
Let w(d) = d**3 + 32*d**2 + 116*d + 59. Let l be w(-28). Is 45 + l + 4179/1 prime?
False
Suppose -3*q = 2*g - 85202, 4*g + 119477 = 3*q + 34263. Let p = q + -19901. Is p prime?
True
Let v(s) = 2*s**3 + 25*s**2 - 7*s - 167. Is v(20) prime?
True
Suppose -4*v = r + 4*r - 71, -r - 5*v = -10. Is (1 - -3786) + (2 - 11) + r composite?
False
Suppose 195*w - 33927301 = 48187784. Is w composite?
False
Suppose -4*w + 4*g + 532618 = -181974, 2*g + 10 = 0. Is w prime?
True
Let g(b) = -3*b + 430. Let h(l) = -6*l + 863. Let y(q) = -5*g(q) + 3*h(q). Suppose 2*r - 6 = 2*j, 4*j - 3*r - 2*r + 15 = 0. Is y(j) prime?
True
Suppose -51 = -5*w - 3*n, -5*w + 5*n + 31 = -44. Suppose 3*k = 6*h - 2*h - 1309, -1782 = 4*k + 2*h. Is 3/w*0 - k a prime number?
True
Suppose 2*v = 5*u + 25, 2*v + 4*u + 18 + 2 = 0. Suppose v = -26*m + 89518 + 168480. Is m composite?
False
Suppose -22*c = -4836092 - 8825886. Is c composite?
False
Suppose 0 = -2*g - 5*o + 28184, 3*g + 5*o = 29233 + 13053. Let w = -3417 + g. Is w a prime number?
False
Suppose -2*a = 5*s + 175887, -s + a + 70354 = -3*s. Let b = -21069 - s. Suppose 15*k = 5*k + b. Is k composite?
True
Let i(x) be the second derivative of 3389*x**5/20 - x**4/12 + x**3/2 - x**2 + 59*x. Is i(1) a composite number?
False
Let b be 76/18 - (-18)/(-81). Suppose 0 = -3*t + b*d - 22, 5*t - d + 15 = -16. Is ((-212)/t)/((-4)/(-6)) a prime number?
True
Let g(c) = -c**3 + 14*c**2 - 18*c + 72. Let s be g(9). Let n = 373 - s. Is n a composite number?
True
Let y(x) = x**3 + 4*x**2 + 7*x - 2. Let u be y(5). Suppose 2*z - 253 = 5*b, z - b + 2*b - 144 = 0. Let o = u - z. Is o a prime number?
False
Let r be 1484/(-20) + 1 + 1/5. Let n = 79 + r. Is (-931 - 2)*(5 - n) prime?
False
Let d = 89031 + -54212. Is d prime?
True
Let p = -496 + 526. Is (-7 - 93535/p)/((-3)/18) a composite number?
False
Let w be 3/4 + (-36)/48. Is 6062*5/(10 - w) prime?
False
Let t(o) = 534*o**2 + 83*o - 1068. Is t(19) prime?
True
Let x be 27/(-6)*2 - -5. Is 2/x - (666/(-4) - -5) a composite number?
True
Let g(h) = -h**3 - 2*h**2 + 2*h - 3. Let a be g(-3). Suppose 2*m + 0 = -2*x - 4, 3*m - 4*x - 15 = a. Is (-1 - m)*1246/(-4) composite?
True
Suppose 7*s - 312256 = 360472. Suppose -316025 + s = -39*i. Is i a composite number?
False
Suppose -14*v + 13264 = -10*v. Suppose 138 + 3190 = 4*c - 4*n, 4*c + 2*n = v. Let h = 231 + c. Is h composite?
False
Let u = 33727 + -7710. Suppose -18048 - u = -5*a. Is a a prime number?
False
Suppose -65*f = -68*f - 3066. Let r = f + 1521. Is r composite?
False
Suppose -24817 = -4*w - 2*c - 1279, 0 = -2*w + 4*c + 11794. Suppose -3*l = -4*p - 4*l + 7850, 3*p = -l + w. Is p prime?
False
Let b = -81 - -86. Suppose b*k - 10054 = 5*z + 2236, z = -3*k + 7378. Is k a prime number?
True
Suppose 15*a - 5666 = 16*a. Let r = -2653 - a. Is r a prime number?
False
Let b = -468 - -472. Suppose -b*v = 10*v - 38598. Is v composite?
True
Suppose -7*u = u - 1355712. Suppose 18*f - u = -6*f. Is f prime?
False
Suppose -126 = 2*k - 0*k + 4*u, 255 = -5*k + 5*u. Let f = -57 - k. Is 1 + (-2508)/(-9)*(-3)/f a composite number?
False
Let v(g) = g - 1. Suppose -5*n + 11 = k - 0*k, -k = -5*n - 1. Let o(t) = -581*t**2 + 9*t - 9. Let i(j) = k*v(j) - o(j). Is i(2) a prime number?
False
Suppose -11*s + 1985659 + 1397611 = 0. Is (2 + -5 + 1)/((-20)/s) a composite number?
False
Let y(c) = 8*c**2 - 19*c + 30. Let p be y(14). Suppose 0 = -5*l + l + 4*g + p, 5*g - 638 = -2*l. Let k = l + -12. Is k a composite number?
False
Suppose 5*n - 64 = -11*n. Suppose n*i + 5*j = 51728, 4*i + 20575 - 72335 = 3*j. Is i composite?
True
Let p(w) = 1074*w - 89. Let j be p(-27). Let h = j + 44384. Is h composite?
True
Suppose -49*b = -44*b - 605. Let r = b - 118. Suppose j + 0*j = -r, j = -2*g + 2083. Is g a prime number?
False
Suppose 21*u - 22*u - 6 = -2*q, -3*q + 7 = -u. Is 4532/q - (16 - 19) a composite number?
True
Suppose h = 823 + 1922. Let c = 5078 - h. Is c prime?
True
Let w(q) = -4*q**3 + 13*q**2 + 4*q - 18. Let z(f) = 5*f**3 - 12*f**2 - 5*f + 18. Let x(h) = 4*w(h) + 3*z(h). Let k be x(16). Is k/(-3) + 737/33 prime?
True
Let p(s) = -s**3 - s. Let a(i) = 3*i**3 + 18*i**2 + 22*i + 15. Let k(y) = a(y) + 4*p(y). Let u be k(19). Let l(f) = -58*f**3 - 3*f**2 + 2*f + 3. Is l(u) prime?
True
Let b(t) be the second derivative of t**4/6 - 11*t**3/3 - 13*t**2 - 21*t. Let s be b(12). Is 2*s/6*5124/(-8) a prime number?
False
Let d = 61620 - 29182. Suppose 14*s + 4900 = d. Is s composite?
True
Suppose -12 = -3*k - 3*r, k = 3*r + 3 - 11. Let u be k + (-3 - (-1 + 4)). Let x(q) = -q**3 - q**2 - 2*q - 1. Is x(u) composite?
False
Suppose 993 - 313 = 20*c. Let h(f) = -f**3 + 47*f**2 - 78*f - 53. Is h(c) prime?
True
Suppose 184 = 21*z + 2*z. Let o(j) = 429*j + 109. Is o(z) a prime number?
True
Suppose 2301091 = 2884*w - 2871*w. Is w prime?
True
Is (-3)/(-12) + (-17737047)/(-36) + (-77)/(-11) a prime number?
False
Suppose 0 = 4*j + 678 - 1830. Suppose -4*b + 5*q = -j, 6*b - 2*q = 4*b + 146. Is b a composite number?
True
Let n be 15/(-20) + 33*(-3)/12. Let d(g) = -7*g**3 - 3*g**2 - 7*g - 10. Let a be d(n). Is 4*1 - a/(-17) composite?
False
Let h = -1392849 - -2232110. Is h a prime number?
True
Suppose -62*u = -101 - 1945. Suppose -u*m - 359326 = -55*m. Is m prime?
True
Let a = -42362 - -603961. Is a composite?
False
Is (0 - 6/(-12))/(5/1344370) composite?
False
Let p(v) = -1955*v + 41. Let u be p(-6). Suppose -6*o + u = -28867. Is o composite?
True
Suppose -u + 11 - 14 = -n, 0 = -n - u + 1. Suppose -3*h - 8*z = -3*z - 4789, 0 = -2*h + n*z + 3214. Is h composite?
True
Suppose -145769 = -a + 5*h, 29*a + 4*h = 34*a - 728677. Is a a prime number?
False
Suppose 3*k - 1734487 = 2*c, 0 = 14*k - 11*k - 3*c - 1734483. Is (-2)/10*k/(-7) composite?
False
Let w(g) = -18*g - 88. Let q be w(-5). Suppose q*m - 14403 = -5*l, 3*l - 2*m = -l + 11508. Is l a composite number?
False
Let r = -3416 - -857. Is (-45)/27*(-5)/((-5)/r) prime?
False
Let w = -311608 + 613661. Is w composite?
False
Let h(t) = -19*t**2 + 31*t + 213. Let s be h(-11). Let g = 16604 - s. Is g prime?
True
Suppose -8*d - 1343063 = -45*d. Is d a prime number?
True
Let z = 16748 + -9943. Is z prime?
False
Let f(x) = -3*x**2 + x - 6. Let i be f(3). Let m be (i/(-21))/(6/42). Is (40/6)/m + (-8162)/(-6) prime?
True
Suppose 52*i = 55*i - 264867. Is i prime?
True
Let h(r) = 18*r**2 + 12*r + 60. Let i be h(-10). Suppose 0 = 4*t + 5 - 1, -x + t + i = 0. Is x composite?
True
Let w = 244 - 244. Suppose 3*f = 2*h + 14117, 4*f = -w*h - h + 18808. Is f a composite number?
False
Let h = -35772 + 69394. Suppose -h = 22*s - 220644. Is s a composite number?
False
Suppose -60 = 2*b + 4*p, b + 3*b = 4*p - 60. Let v be 5*((-4)/b)/1. Is 6/v*(-447)/(-9) composite?
True
Suppose -3518*n + 3537*n = 4063739. Is n prime?
True
Suppose -2*n + 26446 = -9*n. Let w = n - -8049. Is w prime?
True
Suppose 2*o + 12302 - 2278 = 0. Let c = o + 9193. Is c a composite number?
True
Let v(u) = u**3 + 7*u**2 + 6*u - 2. Let h be v(-6). Let i be h/(-2) - (16 + -4)/(-2). Let p = i + 102. Is p a composite number?
False
Is (-189)/(-105) - (-484428)/15 composite?
False
Let r(x) = -x**2 + 2*x + 488. Let p be r(-21). Let w = -26217 - -50905. Suppose -4*k = -0*k + 3*f - 24680, 4*k = -p*f + w. Is k a prime number?
False
Suppose -5*q = -2*c - 89705, -8*q + c = -7*q - 17938. Is q a prime number?
False
Let x(r) = 1249 + 76*r**2 + 23*r - 14*r**2 - 1292. Is x(8) a prime number?
False
Let w = 167 + -133. Suppose w*q - 29*q - 18295 = 0. Is q prime?
True
Suppose 233 = 15*w + 8. Is 375548/(-3)*w/(-20) prime?
True
Let a(z) be the third derivative of z**6/120 - 11*z**5/60 - z**4/3 - 13*z**3/6 